nd 196.
49
Calculate the highest common divisor of 768 and 264.
24
What is the greatest common factor of 540 and 432?
108
Calculate the greatest common factor of 14 and 338.
2
What is the greatest common divisor of 2914 and 94?
94
Calculate the greatest common divisor of 480 and 18640.
80
Calculate the highest common factor of 26 and 28197.
13
Calculate the highest common divisor of 90 and 48.
6
What is the greatest common divisor of 1513 and 7?
1
Calculate the greatest common divisor of 175 and 350.
175
What is the highest common factor of 987 and 21?
21
What is the greatest common factor of 22 and 495?
11
Calculate the greatest common factor of 357 and 102.
51
What is the greatest common factor of 18 and 2910?
6
Calculate the greatest common factor of 357 and 567.
21
What is the highest common divisor of 120 and 19020?
60
Calculate the highest common factor of 1 and 68.
1
Calculate the greatest common divisor of 130 and 360.
10
What is the greatest common factor of 123 and 48011?
41
Calculate the highest common factor of 268 and 67.
67
Calculate the greatest common factor of 1060 and 20.
20
What is the highest common divisor of 276 and 84?
12
What is the highest common divisor of 416 and 128?
32
What is the highest common divisor of 40 and 64?
8
What is the highest common factor of 572 and 88?
44
Calculate the greatest common divisor of 272 and 34.
34
Calculate the greatest common divisor of 5893 and 71.
71
What is the highest common divisor of 2119 and 65?
13
What is the highest common factor of 902 and 492?
82
Calculate the greatest common factor of 49 and 637.
49
What is the greatest common factor of 81 and 801?
9
Calculate the greatest common factor of 506 and 736.
46
What is the highest common divisor of 2172 and 3?
3
What is the highest common factor of 535 and 215?
5
What is the highest common factor of 243 and 2025?
81
Calculate the highest common divisor of 8494 and 31.
31
What is the greatest common divisor of 15396 and 48?
12
What is the highest common factor of 1620 and 3402?
162
What is the greatest common divisor of 1490 and 39634?
298
Calculate the greatest common factor of 42364 and 238.
238
What is the highest common divisor of 48 and 3056?
16
Calculate the greatest common divisor of 350 and 62650.
350
What is the greatest common divisor of 36 and 2496?
12
Calculate the highest common factor of 96 and 4644.
12
Calculate the highest common divisor of 104 and 16.
8
Calculate the highest common divisor of 8421 and 21.
21
Calculate the highest common factor of 1060 and 424.
212
Calculate the greatest common factor of 65 and 247.
13
What is the greatest common divisor of 3315 and 5655?
195
What is the highest common divisor of 585 and 39?
39
Calculate the greatest common factor of 799 and 141.
47
What is the greatest common factor of 703 and 361?
19
What is the highest common divisor of 4380 and 80?
20
What is the greatest common divisor of 3992 and 40?
8
Calculate the greatest common factor of 147 and 196.
49
Calculate the greatest common divisor of 224 and 256.
32
Calculate the greatest common factor of 370 and 90.
10
Calculate the greatest common divisor of 207 and 18.
9
What is the highest common divisor of 308 and 8?
4
Calculate the highest common divisor of 585 and 9.
9
What is the highest common factor of 56 and 20?
4
What is the highest common factor of 963 and 9?
9
What is the highest common divisor of 63 and 159?
3
What is the greatest common factor of 8 and 11?
1
What is the highest common divisor of 242 and 3751?
121
Calculate the highest common factor of 8687 and 119.
119
What is the greatest common factor of 180 and 54?
18
What is the greatest common divisor of 2432 and 1280?
128
Calculate the highest common factor of 551 and 361.
19
What is the greatest common divisor of 1230 and 7626?
246
Calculate the greatest common divisor of 624 and 48.
48
What is the greatest common divisor of 435 and 195?
15
What is the greatest common factor of 244 and 4575?
61
Calculate the highest common divisor of 64 and 52928.
64
What is the greatest common factor of 1343 and 711?
79
What is the greatest common factor of 31062 and 186?
186
Calculate the greatest common factor of 99 and 18.
9
What is the greatest common divisor of 11 and 1672?
11
Calculate the highest common factor of 441 and 9.
9
What is the greatest common divisor of 16456 and 34?
34
Calculate the greatest common divisor of 1185 and 45.
15
What is the highest common divisor of 72 and 192?
24
What is the greatest common divisor of 10 and 505?
5
Calculate the greatest common divisor of 11948 and 348.
116
Calculate the highest common factor of 9 and 873.
9
Calculate the greatest common divisor of 9118 and 188.
94
Calculate the highest common divisor of 3182 and 86.
86
What is the greatest common divisor of 35 and 889?
7
Calculate the highest common divisor of 73 and 219.
73
What is the highest common factor of 7 and 889?
7
What is the greatest common factor of 364 and 65?
13
Calculate the greatest common divisor of 34600 and 8.
8
Calculate the highest common divisor of 10050 and 450.
150
Calculate the highest common divisor of 195 and 3237.
39
What is the greatest common divisor of 8300 and 800?
100
Calculate the greatest common factor of 6751 and 471.
157
What is the greatest common divisor of 355 and 115?
5
Calculate the highest common factor of 1675 and 603.
67
What is the highest common factor of 400 and 240?
80
What is the highest common divisor of 712 and 48?
8
Calculate the greatest common factor of 882 and 98.
98
Calculate the greatest common factor of 364 and 196.
28
What is the highest common factor of 2106 and 182?
26
What is the highest common divisor of 24 and 72?
24
Calculate the greatest common factor of 285 and 228.
57
Calculate the highest common divisor of 15 and 3585.
15
What is the highest common divisor of 12727 and 39?
13
What is the greatest common divisor of 24901 and 259?
37
Calculate the greatest common divisor of 752 and 112.
16
What is the greatest common divisor of 190 and 20?
10
What is the greatest common factor of 986 and 17?
17
What is the greatest common divisor of 16 and 1024?
16
What is the highest common divisor of 36 and 2840?
4
Calculate the highest common factor of 2930 and 3.
1
What is the greatest common factor of 762 and 24?
6
What is the greatest common divisor of 752 and 80?
16
What is the greatest common divisor of 5428 and 3068?
236
What is the greatest common divisor of 928 and 29?
29
What is the greatest common divisor of 28 and 11592?
28
What is the highest common factor of 130 and 10270?
130
What is the greatest common divisor of 68 and 221?
17
What is the highest common divisor of 455 and 140?
35
What is the greatest common divisor of 162 and 1098?
18
Calculate the highest common factor of 56 and 602.
14
What is the highest common divisor of 369 and 41?
41
What is the greatest common divisor of 24 and 328?
8
What is the greatest common factor of 6 and 762?
6
Calculate the highest common factor of 24 and 16.
8
What is the highest common divisor of 19 and 437?
19
Calculate the highest common divisor of 819 and 147.
21
Calculate the highest common divisor of 1102 and 232.
58
Calculate the highest common factor of 11445 and 630.
105
Calculate the highest common divisor of 440 and 80.
40
Calculate the greatest common factor of 4 and 532.
4
Calculate the greatest common divisor of 8004 and 812.
116
Calculate the greatest common factor of 222 and 5920.
74
What is the highest common divisor of 18 and 9474?
6
What is the greatest common divisor of 99 and 45?
9
What is the highest common divisor of 1250 and 80?
10
Calculate the greatest common factor of 24 and 2892.
12
Calculate the greatest common divisor of 7 and 13.
1
What is the highest common divisor of 6 and 1446?
6
What is the greatest common factor of 182 and 42?
14
What is the greatest common factor of 425 and 272?
17
Calculate the highest common divisor of 308 and 462.
154
What is the greatest common factor of 50 and 55?
5
What is the greatest common factor of 19570 and 760?
190
Calculate the greatest common factor of 1258 and 170.
34
What is the highest common factor of 6880 and 320?
160
Calculate the greatest common factor of 40 and 20.
20
What is the highest comm